Suppose -c + 2*n = 1 + 2, 3*c - 4*n + 5 = 0. What is the units digit of c?
1
Suppose 4*x + 16 = -t, 7 = -3*t - 3*x - 14. Let c = -6 - t. Let v = c - -5. What is the units digit of v?
3
Let d = 20 - 8. What is the tens digit of d?
1
Suppose 5*u - 42 - 73 = 0. Let k = u - 16. What is the units digit of k?
7
What is the units digit of 1/(-3) - (-272)/24?
1
Let f(m) = m**2 + 4*m + 15. Let i be f(-6). Let r = -16 + i. What is the tens digit of r?
1
Let p = 55 + 12. What is the units digit of p?
7
Let h(j) = -j**3 - 8*j**2 - 8*j - 7. Let n be h(-7). Suppose -w = 2*q - 9, n*w - 3*w = q - 17. What is the units digit of w?
5
Let v be ((-4)/(-3) - 1)*6. Suppose r - 18 = -v*r. What is the units digit of r?
6
Let n(p) = p**3 + 4*p**2 - p. What is the units digit of n(3)?
0
Suppose -3*x - x - 24 = 0. Let l = x - -11. What is the units digit of l?
5
Suppose -o + 9 = 2*u, 3*u - 7*o + 2*o - 7 = 0. Suppose -u*n = -3*s - 84, 2*n - 2*s = 3*s + 42. What is the tens digit of n?
2
Let q be (-3)/((-3)/6*2). Suppose 0 = q*p + 2*b - 31 - 50, b = -3. Let t = p + -19. What is the units digit of t?
0
Let r(o) = 6*o - 6. Let u be r(10). Let p = u + -32. What is the units digit of p?
2
Let q(m) = m**3 + 7*m**2 - 5*m - 6. Let d(t) = -t**3 - 6*t**2 + 4*t + 5. Let i(a) = -5*d(a) - 4*q(a). What is the units digit of i(1)?
2
Let s = 48 - 25. Let k = s - 4. What is the tens digit of k?
1
Suppose 2*r = 161 - 49. What is the units digit of r?
6
Let q = 5 - 3. Suppose -5*y - 111 = -z, q*y + z + 73 = -y. Let v = -15 - y. What is the units digit of v?
8
Let p(c) = c**2 - 7*c - 4. Let z be p(8). Suppose 192 = z*n - 0*n + 4*b, 2*b = 5*n - 247. What is the units digit of n?
9
Let l = 236 + -147. What is the units digit of l?
9
Let d be 0/((2 - -1)*-1). Suppose 3*v - 43 + 13 = d. What is the units digit of v?
0
Let f be 2*15/(-6)*-1. Suppose -f*v + 9 = -41. What is the tens digit of v?
1
Suppose 0 = 5*z + 3*i + 119 - 402, 3*z - 189 = 3*i. What is the units digit of z?
9
Let j(q) = -3*q - 2. Let i be j(-2). Suppose 4*s = -0*k + i*k, -2*k - 6 = -4*s. Suppose -3*o = s*f - 18, 2*o + 0*f = 2*f - 8. What is the units digit of o?
1
What is the units digit of (-355)/(-2) + 4/24*3?
8
Let d be (-695)/(-35) - 3/(-21). Suppose 3*r + 5*a = d, 2*r + a - 16 = -a. What is the units digit of r?
0
Suppose -f = -18 - 4. What is the units digit of f?
2
Let c(w) = -4*w + 64. Let b(r) = -3*r + 43. Let x(y) = 7*b(y) - 5*c(y). Let p be x(0). Let v = 30 + p. What is the tens digit of v?
1
Suppose -3*l + 27 = -309. What is the units digit of l?
2
Suppose 0 = -2*d + 5*p - 40 + 2, -2*p = 3*d + 38. Let i = -7 - d. What is the units digit of i?
7
Suppose 2*u + u + 45 = 0. Let b = u + 26. What is the units digit of b?
1
Let i(s) = -2*s**3 - 4*s**2 - 4*s - 3. Suppose 0*v + 10 = -5*v. What is the units digit of i(v)?
5
Let t(n) = n**2 + 4*n. Let j be t(-2). What is the tens digit of (j/(-8))/((-2)/(-44))?
1
Suppose 0 = -2*g - 4*z - 22, 3*g = 5*z - 14 - 8. Let l = g - -22. What is the units digit of l?
3
Suppose 2*a = 3*a - 27. What is the units digit of a?
7
Let n = -27 + 59. What is the tens digit of n?
3
Let r = 8 + -6. What is the units digit of r?
2
What is the tens digit of (-20)/(-1) + (13 - 8)?
2
Let r(p) = -5 + 9 + 5*p**2 - p**3 - 4*p**2. What is the units digit of r(0)?
4
Suppose -4*o = -3*r + 210, -163 = 3*r - 5*r - 5*o. What is the units digit of r?
4
Suppose -5*m + 25 = c, 2*m + 2*m = -5*c + 41. Suppose 2*f - 3*f + 4*d + 3 = 0, -8 = -m*d. What is the tens digit of f?
1
Suppose 2*r - 159 = 3*j, 1 = 5*r + 4*j - 385. What is the tens digit of r?
7
Let h(t) = 15*t**3 + t**2 - t. Suppose 0 = j - 1 - 6. Let z = j - 6. What is the tens digit of h(z)?
1
Suppose -5 = 5*i, 3*y + i - 27 = -y. Suppose -y = -2*h + 11. What is the units digit of h?
9
Let p = 10 + -11. Let f be ((-2)/p*-2)/(-1). Suppose f*x - 8 = -0*x, 0 = 3*j + 4*x - 35. What is the units digit of j?
9
Suppose -3*b + 46 = -b. Suppose -5*z - 8 = -b. What is the units digit of z?
3
Suppose 3*v + 2*p + 4 - 20 = 0, -44 = -5*v + p. Let a = -11 + v. What is the units digit of 12 - 2 - (-6)/a?
8
Let q(o) be the second derivative of 2*o**4/3 - o**3/2 - 3*o. Let b(u) = u. Let a(h) = 2*b(h) + q(h). What is the units digit of a(1)?
7
Let g = -119 + 246. What is the units digit of g?
7
What is the hundreds digit of 2 + 29/(-3)*-39?
3
Suppose 16 = -0*p + p. Let f = p + 1. What is the tens digit of f?
1
Suppose 11 = 3*r - 19. Let y be 2/10 - (-28)/r. Suppose q = 2 - 3, -v + y*q + 8 = 0. What is the units digit of v?
5
Let q(f) = 3*f + 1. Let y be q(2). Let l = 3 - y. Let j = l + 12. What is the units digit of j?
8
Suppose -5*g + g - 3*s = -580, 0 = -2*s + 8. What is the units digit of g?
2
Let w(d) = -d**3 - 6*d**2 - 4*d + 3. Let i be w(-6). Let b be (-6)/i - (-16)/(-9). Let t = 9 + b. What is the units digit of t?
7
Suppose 5*n = 10*d - 15*d + 1380, 5*n - 1384 = -d. What is the units digit of n?
7
Let n(i) = i**2 + i - 2. Let k be (0/2)/(1 + 0). Let f be n(k). What is the tens digit of ((-12)/(-7))/(f/(-14))?
1
Suppose 4*u - 12 + 4 = 0. Suppose -5*w + 32 = 2. Let s = u + w. What is the units digit of s?
8
Let m(v) = 2*v**2 - 5*v - 7. What is the tens digit of m(8)?
8
Let d = 15 - 7. What is the units digit of d?
8
Let b = 6 + -1. Suppose 5*l = 2*l + 3*p - 60, 0 = -b*l - p - 130. Let o = l - -35. What is the tens digit of o?
1
Let y(i) = -i**2 - 9*i - 12. What is the units digit of y(-7)?
2
Suppose -2*x + 3*x = 6. Let i(f) = 4*f - 4*f + 2*f - 8. What is the units digit of i(x)?
4
Let w be (-510)/(-21) + 6/(-21). Suppose a = -c + w, a = 3*c + c - 116. What is the tens digit of c?
2
Suppose 3*i = -2*c + 20, -3*i + 0*i + 16 = c. Suppose c = 5*h + 3*z, 4*h + z - 2 = 2*h. What is the units digit of h?
2
Suppose -4*z - 21 + 185 = 0. What is the tens digit of z?
4
Suppose 5*w + 5 = 5*n, -w = 4*n - 2*w - 10. Let h = 22 - 12. Suppose h - 34 = -n*s. What is the units digit of s?
8
Let l = 15 - 17. What is the tens digit of l/(-8) + 374/8?
4
Let i(c) = c**2 - 6*c + 6. Let x be (-6)/(-10)*(7 - -3). What is the units digit of i(x)?
6
Let k(y) = 2*y**2 + 8*y - 6. Let z be k(-7). Suppose 0*i = 4*i - z. What is the units digit of i?
9
Suppose -5*z = 3*g - 189, 3*g + 2*g + z - 337 = 0. What is the units digit of g?
8
Let q = -207 - -340. What is the hundreds digit of q?
1
What is the tens digit of (0 - -1)/(2/58)?
2
Let p be (0*3/3)/(-2). Suppose 3*n - 8*n = -4*m - 63, p = -5*n - 5*m + 45. Let l = 19 - n. What is the units digit of l?
8
Suppose 2*p - 117 + 4 = -m, -m = -5*p + 300. What is the units digit of p?
9
Let b be (-4)/(-22) - (-64)/11. Let k be 3/b - 57/(-6). What is the units digit of 76/k - 4/(-10)?
8
Let d = -359 + 625. What is the hundreds digit of d?
2
Let z(s) = s**3 - 4*s**2 - 8*s + 1. Suppose -2*x = 3*x - 30. What is the tens digit of z(x)?
2
Suppose -3*j - 30 = f, -2*f = 3*j + 44 + 7. What is the tens digit of (-2)/(2 - (-44)/f)?
2
What is the hundreds digit of (2/10*-7)/(2/(-490))?
3
Let w(p) = -p**3 + 10*p**2 - 8*p + 6. Let i be w(9). Suppose -3*u - i = 0, 39 = l - u - 4*u. What is the units digit of l?
4
Suppose 0 = -2*p - 3*p + 170. Let h = -21 + p. What is the units digit of h?
3
Suppose 6 = -3*c - 6. What is the units digit of (2/c)/(4/(-8))?
1
Let u(o) = -o**3 + 3*o**2 + 4. Let k be u(3). Let f be 2/4*(0 - -4). Let d = k - f. What is the units digit of d?
2
Let d(s) = 4*s**2 - 19*s + 10. What is the hundreds digit of d(9)?
1
Suppose 85 = -2*o + 769. What is the tens digit of o?
4
Let w = 40 - 15. What is the tens digit of w?
2
Let r(f) = -f**3 - f**2 + 4*f + 7. What is the tens digit of r(-5)?
8
Suppose 823 = 5*k - 2*x - 13, -5*k = -4*x - 842. What is the hundreds digit of k?
1
Suppose -167 = -4*i + 4*q + 565, 4*q - 8 = 0. Suppose -12*x = -7*x - i. What is the units digit of x?
7
Let k be (-125)/(-45) + 2/9. What is the tens digit of 1*k + -2 + 19?
2
Let x(k) = -k**2 - 23*k - 28. What is the units digit of x(-16)?
4
Let i = 417 + -288. What is the tens digit of i?
2
What is the tens digit of (-2 - 21/(-12))/(17/(-6052))?
8
Let c(v) = -v**3 + 12*v**2 - 12*v - 22. What is the tens digit of c(10)?
5
Let c = -6 - -5. What is the units digit of c/(8/9 + -1)?
9
Let j = 185 - 0. What is the hundreds digit of j?
1
Let q be 3 + 6/(-2) + 0. Suppose q*h - h = -2. What